{"id":971,"date":"2018-08-30T11:29:45","date_gmt":"2018-08-30T14:29:45","guid":{"rendered":"https:\/\/enscdbustos-cba.infd.edu.ar\/sitio\/pagina-de-prueba-de-yanina-pierdomenico\/"},"modified":"2023-10-17T21:23:39","modified_gmt":"2023-10-18T00:23:39","slug":"pagina-de-prueba-de-yanina-pierdomenico","status":"publish","type":"page","link":"https:\/\/enscdbustos-cba.infd.edu.ar\/sitio\/pagina-de-prueba-de-yanina-pierdomenico\/","title":{"rendered":"<strong>TECNICATURA\u00a0 SUPERIOR EN MAQUINARIAS Y EQUIPOS AGROPECUARIOS<\/strong>"},"content":{"rendered":"\n<p><\/p>\n\n\n\n<p><strong><u>Duraci\u00f3n<\/u>: 3 a\u00f1os<\/strong><\/p>\n\n\n\n<p><strong><u>Modalidad<\/u>: Combinada<\/strong><\/p>\n\n\n\n<p><\/p>\n\n\n\n<h2 class=\"has-medium-font-size wp-block-heading\">PRIMER A\u00d1O <\/h2>\n\n\n\n<figure class=\"wp-block-table\"><table><thead><tr><th class=\"has-text-align-center\" data-align=\"center\">Orden<\/th><th><strong>Espacio Curricular<\/strong><\/th><th class=\"has-text-align-center\" data-align=\"center\"><strong>Horas Semanales<\/strong><\/th><th class=\"has-text-align-center\" data-align=\"center\"><strong>Correlativas<\/strong><\/th><\/tr><\/thead><tbody><tr><td class=\"has-text-align-center\" data-align=\"center\">1<\/td><td>Ingl\u00e9s<\/td><td class=\"has-text-align-center\" data-align=\"center\">3<\/td><td class=\"has-text-align-center\" data-align=\"center\">&#8211;<\/td><\/tr><tr><td class=\"has-text-align-center\" data-align=\"center\">2<\/td><td>Inform\u00e1tica Aplicada<\/td><td class=\"has-text-align-center\" data-align=\"center\">3<\/td><td class=\"has-text-align-center\" data-align=\"center\">&#8211;<\/td><\/tr><tr><td class=\"has-text-align-center\" data-align=\"center\">3<\/td><td>Matem\u00e1tica y\u00a0 Estad\u00edstica<\/td><td class=\"has-text-align-center\" data-align=\"center\">4<\/td><td class=\"has-text-align-center\" data-align=\"center\">&#8211;<\/td><\/tr><tr><td class=\"has-text-align-center\" data-align=\"center\">4<\/td><td>F\u00edsica<\/td><td class=\"has-text-align-center\" data-align=\"center\">4<\/td><td class=\"has-text-align-center\" data-align=\"center\">&#8211;<\/td><\/tr><tr><td class=\"has-text-align-center\" data-align=\"center\">5<\/td><td>Labores Agropecuarias<\/td><td class=\"has-text-align-center\" data-align=\"center\">3<\/td><td class=\"has-text-align-center\" data-align=\"center\">&#8211;<\/td><\/tr><tr><td class=\"has-text-align-center\" data-align=\"center\">6<\/td><td>Materiales y Elementos de M\u00e1quinas<\/td><td class=\"has-text-align-center\" data-align=\"center\">4<\/td><td class=\"has-text-align-center\" data-align=\"center\">&#8211;<\/td><\/tr><\/tbody><\/table><figcaption class=\"wp-element-caption\"><strong>Total de Espacios Curriculares Anuales 6 (seis)<\/strong><\/figcaption><\/figure>\n\n\n\n<p><\/p>\n\n\n\n<h2 class=\"has-medium-font-size wp-block-heading\">SEGUNDO A\u00d1O <\/h2>\n\n\n\n<figure class=\"wp-block-table\"><table><thead><tr><th class=\"has-text-align-center\" data-align=\"center\">Orden<\/th><th><strong>Espacio Curricular<\/strong><\/th><th class=\"has-text-align-center\" data-align=\"center\"><strong>Horas Semanales<\/strong><\/th><th class=\"has-text-align-center\" data-align=\"center\"><strong>Correlativas<\/strong><\/th><\/tr><\/thead><tbody><tr><td class=\"has-text-align-center\" data-align=\"center\">7<\/td><td>Portugu\u00e9s<\/td><td class=\"has-text-align-center\" data-align=\"center\">3<\/td><td class=\"has-text-align-center\" data-align=\"center\">&#8211;<\/td><\/tr><tr><td class=\"has-text-align-center\" data-align=\"center\">8<\/td><td>Transmisiones no Mec\u00e1nicas<\/td><td class=\"has-text-align-center\" data-align=\"center\">5<\/td><td class=\"has-text-align-center\" data-align=\"center\">3 -4- 6<\/td><\/tr><tr><td class=\"has-text-align-center\" data-align=\"center\">9<\/td><td>Agricultura de Precisi\u00f3n<\/td><td class=\"has-text-align-center\" data-align=\"center\">5<\/td><td class=\"has-text-align-center\" data-align=\"center\">2-5<\/td><\/tr><tr><td class=\"has-text-align-center\" data-align=\"center\">10<\/td><td>Seguridad e Higiene y Medio Ambiente<\/td><td class=\"has-text-align-center\" data-align=\"center\">4<\/td><td class=\"has-text-align-center\" data-align=\"center\">&#8211;<\/td><\/tr><tr><td class=\"has-text-align-center\" data-align=\"center\">11<\/td><td>Maquinarias Agropecuarias I<\/td><td class=\"has-text-align-center\" data-align=\"center\">5<\/td><td class=\"has-text-align-center\" data-align=\"center\">5-6<\/td><\/tr><tr><td class=\"has-text-align-center\" data-align=\"center\">12<\/td><td>Pr\u00e1ctica Profesionalizante I<\/td><td class=\"has-text-align-center\" data-align=\"center\">9<\/td><td class=\"has-text-align-center\" data-align=\"center\">1 a 6<\/td><\/tr><\/tbody><\/table><figcaption class=\"wp-element-caption\"><strong>Total de Espacios Curriculares Anuales 6 (seis)<\/strong><\/figcaption><\/figure>\n\n\n\n<p><\/p>\n\n\n\n<p class=\"has-medium-font-size\"><strong>TERCER A\u00d1O<\/strong><\/p>\n\n\n\n<figure class=\"wp-block-table\"><table><thead><tr><th class=\"has-text-align-center\" data-align=\"center\">Orden<\/th><th>Espacios Curriculares <\/th><th class=\"has-text-align-center\" data-align=\"center\">Horas Semanales<\/th><th class=\"has-text-align-center\" data-align=\"center\">Correlativas <\/th><\/tr><\/thead><tbody><tr><td class=\"has-text-align-center\" data-align=\"center\">13<\/td><td>Gesti\u00f3n Integral<\/td><td class=\"has-text-align-center\" data-align=\"center\">4<\/td><td class=\"has-text-align-center\" data-align=\"center\">&#8211;<\/td><\/tr><tr><td class=\"has-text-align-center\" data-align=\"center\">14<\/td><td>Instalaciones Especiales<\/td><td class=\"has-text-align-center\" data-align=\"center\">5<\/td><td class=\"has-text-align-center\" data-align=\"center\">8 -10- 11<\/td><\/tr><tr><td class=\"has-text-align-center\" data-align=\"center\">15<\/td><td>Maquinarias Agropecuarias II<\/td><td class=\"has-text-align-center\" data-align=\"center\">6<\/td><td class=\"has-text-align-center\" data-align=\"center\">8-9-11<\/td><\/tr><tr><td class=\"has-text-align-center\" data-align=\"center\">16<\/td><td>Veh\u00edculos Especiales y Maquinarias Auxiliares<\/td><td class=\"has-text-align-center\" data-align=\"center\">5<\/td><td class=\"has-text-align-center\" data-align=\"center\">8-9-11<\/td><\/tr><tr><td class=\"has-text-align-center\" data-align=\"center\">17<\/td><td>Pr\u00e1ctica Profesionalizante I<\/td><td class=\"has-text-align-center\" data-align=\"center\">10<\/td><td class=\"has-text-align-center\" data-align=\"center\">7 a 12<\/td><\/tr><\/tbody><\/table><figcaption class=\"wp-element-caption\"><strong>Total de Espacios Curriculares Anuales 5 (cinco)<\/strong><\/figcaption><\/figure>\n\n\n\n<p><\/p>\n","protected":false},"excerpt":{"rendered":"<p>Duraci\u00f3n: 3 a\u00f1os Modalidad: Combinada PRIMER A\u00d1O Orden Espacio Curricular Horas Semanales Correlativas 1 Ingl\u00e9s 3 &#8211; 2 Inform\u00e1tica Aplicada 3 &#8211; 3 Matem\u00e1tica y\u00a0 Estad\u00edstica 4 &#8211; 4 F\u00edsica 4 &#8211; 5 Labores Agropecuarias 3 &#8211; 6 Materiales y Elementos de M\u00e1quinas 4 &#8211; Total de Espacios Curriculares Anuales 6 (seis) SEGUNDO A\u00d1O Orden &#8230; <a title=\"TECNICATURA\u00a0 SUPERIOR EN MAQUINARIAS Y EQUIPOS AGROPECUARIOS\" class=\"read-more\" href=\"https:\/\/enscdbustos-cba.infd.edu.ar\/sitio\/pagina-de-prueba-de-yanina-pierdomenico\/\" aria-label=\"More on TECNICATURA\u00a0 SUPERIOR EN MAQUINARIAS Y EQUIPOS AGROPECUARIOS\">[+]<\/a><\/p>\n","protected":false},"author":619,"featured_media":0,"parent":0,"menu_order":0,"comment_status":"closed","ping_status":"closed","template":"","meta":[],"acf":[],"_links":{"self":[{"href":"https:\/\/enscdbustos-cba.infd.edu.ar\/sitio\/wp-json\/wp\/v2\/pages\/971"}],"collection":[{"href":"https:\/\/enscdbustos-cba.infd.edu.ar\/sitio\/wp-json\/wp\/v2\/pages"}],"about":[{"href":"https:\/\/enscdbustos-cba.infd.edu.ar\/sitio\/wp-json\/wp\/v2\/types\/page"}],"author":[{"embeddable":true,"href":"https:\/\/enscdbustos-cba.infd.edu.ar\/sitio\/wp-json\/wp\/v2\/users\/619"}],"replies":[{"embeddable":true,"href":"https:\/\/enscdbustos-cba.infd.edu.ar\/sitio\/wp-json\/wp\/v2\/comments?post=971"}],"version-history":[{"count":1,"href":"https:\/\/enscdbustos-cba.infd.edu.ar\/sitio\/wp-json\/wp\/v2\/pages\/971\/revisions"}],"predecessor-version":[{"id":1437,"href":"https:\/\/enscdbustos-cba.infd.edu.ar\/sitio\/wp-json\/wp\/v2\/pages\/971\/revisions\/1437"}],"wp:attachment":[{"href":"https:\/\/enscdbustos-cba.infd.edu.ar\/sitio\/wp-json\/wp\/v2\/media?parent=971"}],"curies":[{"name":"wp","href":"https:\/\/api.w.org\/{rel}","templated":true}]}}