{"id":962,"date":"2018-08-30T11:29:42","date_gmt":"2018-08-30T14:29:42","guid":{"rendered":"https:\/\/enscdbustos-cba.infd.edu.ar\/sitio\/plan-de-estudios\/"},"modified":"2023-10-18T21:04:56","modified_gmt":"2023-10-19T00:04:56","slug":"plan-de-estudios","status":"publish","type":"page","link":"https:\/\/enscdbustos-cba.infd.edu.ar\/sitio\/plan-de-estudios\/","title":{"rendered":"Plan de estudios"},"content":{"rendered":"\n<p class=\"has-text-align-center\" style=\"font-size:25px\"><strong>Tecnicatura Superior en Administraci\u00f3n <\/strong><\/p>\n\n\n\n<p class=\"has-medium-font-size\" style=\"font-style:normal;font-weight:500\"><strong>Duraci\u00f3n<\/strong> : Dos a\u00f1os y medio <\/p>\n\n\n\n<p class=\"has-medium-font-size\"><strong>Modalidad<\/strong>: Combinada<\/p>\n\n\n\n<p class=\"has-medium-font-size\" style=\"font-style:normal;font-weight:500\"><strong>PRIMER A\u00d1O<\/strong>: PRIMER CUATRIMESTRE <\/p>\n\n\n\n<figure class=\"wp-block-table\"><table><thead><tr><th class=\"has-text-align-center\" data-align=\"center\">Orden<\/th><th>Espacio Curricular<\/th><th class=\"has-text-align-center\" data-align=\"center\">Hs. Semanales<\/th><th class=\"has-text-align-center\" data-align=\"center\">R\u00e9gimen <\/th><th class=\"has-text-align-center\" data-align=\"center\">Correlativas <\/th><\/tr><\/thead><tbody><tr><td class=\"has-text-align-center\" data-align=\"center\">1<\/td><td>Metodolog\u00eda para la Administraci\u00f3n de Proyectos<\/td><td class=\"has-text-align-center\" data-align=\"center\">5<\/td><td class=\"has-text-align-center\" data-align=\"center\">Cuatrimestral<\/td><td class=\"has-text-align-center\" data-align=\"center\">&#8211;<\/td><\/tr><tr><td class=\"has-text-align-center\" data-align=\"center\">2<\/td><td>Tecnolog\u00eda de la Informaci\u00f3n y la Comunicaci\u00f3n I<\/td><td class=\"has-text-align-center\" data-align=\"center\">14<\/td><td class=\"has-text-align-center\" data-align=\"center\">Bimestral<\/td><td class=\"has-text-align-center\" data-align=\"center\">&#8211;<\/td><\/tr><tr><td class=\"has-text-align-center\" data-align=\"center\">3<\/td><td>Sociolog\u00eda General<\/td><td class=\"has-text-align-center\" data-align=\"center\">4<\/td><td class=\"has-text-align-center\" data-align=\"center\">Cuatrimestral<\/td><td class=\"has-text-align-center\" data-align=\"center\">&#8211;<\/td><\/tr><tr><td class=\"has-text-align-center\" data-align=\"center\">4<\/td><td>Tecnolog\u00eda de la Informaci\u00f3n y la Comunicaci\u00f3n II<\/td><td class=\"has-text-align-center\" data-align=\"center\">8<\/td><td class=\"has-text-align-center\" data-align=\"center\">Bimestral<\/td><td class=\"has-text-align-center\" data-align=\"center\">2<\/td><\/tr><\/tbody><\/table><\/figure>\n\n\n\n<p class=\"has-medium-font-size\" style=\"font-style:normal;font-weight:500\"><strong>PRIMER A\u00d1O<\/strong>: SEGUNDO CUATRIMESTRE <\/p>\n\n\n\n<figure class=\"wp-block-table\"><table><thead><tr><th class=\"has-text-align-center\" data-align=\"center\">Orden<\/th><th>Espacio Curricular<\/th><th class=\"has-text-align-center\" data-align=\"center\">Hs. Semanales<\/th><th>R\u00e9gimen<\/th><th class=\"has-text-align-center\" data-align=\"center\">Correlativas <\/th><\/tr><\/thead><tbody><tr><td class=\"has-text-align-center\" data-align=\"center\">5<\/td><td>Tecnolog\u00eda de la Informaci\u00f3n y la Comunicaci\u00f3n III<\/td><td class=\"has-text-align-center\" data-align=\"center\">12<\/td><td>Bimestral<\/td><td class=\"has-text-align-center\" data-align=\"center\">4<\/td><\/tr><tr><td class=\"has-text-align-center\" data-align=\"center\">6<\/td><td>Administraci\u00f3n General<\/td><td class=\"has-text-align-center\" data-align=\"center\">6<\/td><td>Cuatrimestral<\/td><td class=\"has-text-align-center\" data-align=\"center\">&#8211;<\/td><\/tr><tr><td class=\"has-text-align-center\" data-align=\"center\">7<\/td><td>Tecnolog\u00eda de la Informaci\u00f3n y la Comunicaci\u00f3n IV<\/td><td class=\"has-text-align-center\" data-align=\"center\">14<\/td><td>Bimestral<\/td><td class=\"has-text-align-center\" data-align=\"center\">5<\/td><\/tr><tr><td class=\"has-text-align-center\" data-align=\"center\">8<\/td><td>Ingl\u00e9s T\u00e9cnico<\/td><td class=\"has-text-align-center\" data-align=\"center\">6<\/td><td>Cuatrimestral<\/td><td class=\"has-text-align-center\" data-align=\"center\">&#8211;<\/td><\/tr><tr><td class=\"has-text-align-center\" data-align=\"center\">9<\/td><td>Sistemas de Informaci\u00f3n Contables I<\/td><td class=\"has-text-align-center\" data-align=\"center\">7<\/td><td>Cuatrimestral<\/td><td class=\"has-text-align-center\" data-align=\"center\">&#8211;<\/td><\/tr><\/tbody><\/table><\/figure>\n\n\n\n<p class=\"has-medium-font-size\" style=\"font-style:normal;font-weight:500\"><strong>SEGUNDO A\u00d1O<\/strong>: PRIMER CUATRIMESTRE <\/p>\n\n\n\n<figure class=\"wp-block-table\"><table><thead><tr><th class=\"has-text-align-center\" data-align=\"center\">Orden<\/th><th>Espacio Curricular<\/th><th class=\"has-text-align-center\" data-align=\"center\">Hs. Semanales<\/th><th>R\u00e9gimen<\/th><th class=\"has-text-align-center\" data-align=\"center\">Correlativas<\/th><\/tr><\/thead><tbody><tr><td class=\"has-text-align-center\" data-align=\"center\">10<\/td><td>Sistemas Administrativos<\/td><td class=\"has-text-align-center\" data-align=\"center\">6<\/td><td>Cuatrimestral<\/td><td class=\"has-text-align-center\" data-align=\"center\">6<\/td><\/tr><tr><td class=\"has-text-align-center\" data-align=\"center\">11<\/td><td>Derecho Econ\u00f3mico y Legislaci\u00f3n Tributaria<\/td><td class=\"has-text-align-center\" data-align=\"center\">10<\/td><td>Cuatrimestral<\/td><td class=\"has-text-align-center\" data-align=\"center\">3<\/td><\/tr><tr><td class=\"has-text-align-center\" data-align=\"center\">12<\/td><td>Matem\u00e1tica Aplicada<\/td><td class=\"has-text-align-center\" data-align=\"center\">6<\/td><td>Cuatrimestral<\/td><td class=\"has-text-align-center\" data-align=\"center\">&#8211;<\/td><\/tr><tr><td class=\"has-text-align-center\" data-align=\"center\">13<\/td><td>Sistemas de Informaci\u00f3n Contables II<\/td><td class=\"has-text-align-center\" data-align=\"center\">7<\/td><td>Cuatrimestral<\/td><td class=\"has-text-align-center\" data-align=\"center\">9<\/td><\/tr><\/tbody><\/table><\/figure>\n\n\n\n<p class=\"has-medium-font-size\" style=\"font-style:normal;font-weight:500\"><strong>SEGUNDO A\u00d1O<\/strong>: SEGUNDO CUATRIMESTRE <\/p>\n\n\n\n<figure class=\"wp-block-table\"><table><thead><tr><th class=\"has-text-align-center\" data-align=\"center\">Orden<\/th><th>Espacio Curricular<\/th><th>Hs. Semanales<\/th><th>R\u00e9gimen <\/th><th class=\"has-text-align-center\" data-align=\"center\">Correlativas <\/th><\/tr><\/thead><tbody><tr><td class=\"has-text-align-center\" data-align=\"center\">14<\/td><td>Estad\u00edstica Aplicada <\/td><td>4<\/td><td>Cuatrimestral<\/td><td class=\"has-text-align-center\" data-align=\"center\">7, 8 y 12<\/td><\/tr><tr><td class=\"has-text-align-center\" data-align=\"center\">15<\/td><td>Costos, Log\u00edstica y Gesti\u00f3n de la Producci\u00f3n<\/td><td>9<\/td><td>Cuatrimestral<\/td><td class=\"has-text-align-center\" data-align=\"center\">1, 13 y 14 <\/td><\/tr><tr><td class=\"has-text-align-center\" data-align=\"center\">16<\/td><td>Gesti\u00f3n Comercial y Ventas<\/td><td>7<\/td><td>Cuatrimestral<\/td><td class=\"has-text-align-center\" data-align=\"center\">1, 13 y 14<\/td><\/tr><tr><td class=\"has-text-align-center\" data-align=\"center\">17<\/td><td>Pr\u00e1ctica Profesionalizante <\/td><td>14<\/td><td>Cuatrimestral<\/td><td class=\"has-text-align-center\" data-align=\"center\">14 y 16 <\/td><\/tr><\/tbody><\/table><\/figure>\n\n\n\n<p class=\"has-medium-font-size\" style=\"font-style:normal;font-weight:500\"><strong>TERCER A\u00d1O<\/strong>: PRIMER CUATRIMESTRE<\/p>\n\n\n\n<figure class=\"wp-block-table\"><table><thead><tr><th class=\"has-text-align-center\" data-align=\"center\">Orden<\/th><th>Espacio Curricular<\/th><th class=\"has-text-align-center\" data-align=\"center\">Hs. Semanales <\/th><th>R\u00e9gimen <\/th><th class=\"has-text-align-center\" data-align=\"center\">Correlativas <\/th><\/tr><\/thead><tbody><tr><td class=\"has-text-align-center\" data-align=\"center\">18<\/td><td>Derecho Laboral y de la Seguridad Social<\/td><td class=\"has-text-align-center\" data-align=\"center\">7<\/td><td>Cuatrimestral<\/td><td class=\"has-text-align-center\" data-align=\"center\">11<\/td><\/tr><tr><td class=\"has-text-align-center\" data-align=\"center\">19<\/td><td>Comercializaci\u00f3n y Marketing Digital<\/td><td class=\"has-text-align-center\" data-align=\"center\">7<\/td><td>Cuatrimestral<\/td><td class=\"has-text-align-center\" data-align=\"center\">7 y 16<\/td><\/tr><tr><td class=\"has-text-align-center\" data-align=\"center\">20<\/td><td>Administraci\u00f3n Financiera<\/td><td class=\"has-text-align-center\" data-align=\"center\">7<\/td><td>Cuatrimestral<\/td><td class=\"has-text-align-center\" data-align=\"center\">15<\/td><\/tr><tr><td class=\"has-text-align-center\" data-align=\"center\">21<\/td><td>Administraci\u00f3n de los Recursos Humanos<\/td><td class=\"has-text-align-center\" data-align=\"center\">7<\/td><td>Cuatrimestral<\/td><td class=\"has-text-align-center\" data-align=\"center\">1, 11 y 18<\/td><\/tr><tr><td class=\"has-text-align-center\" data-align=\"center\">22<\/td><td>Pr\u00e1ctica Profesionalizante<\/td><td class=\"has-text-align-center\" data-align=\"center\">7<\/td><td>Cuatrimestral<\/td><td class=\"has-text-align-center\" data-align=\"center\">17 a 21 <\/td><\/tr><\/tbody><\/table><figcaption class=\"wp-element-caption\"><strong>Para rendir cada m\u00f3dulo, tener aprobadas las correlativas que se mencionan <\/strong><\/figcaption><\/figure>\n","protected":false},"excerpt":{"rendered":"<p>Tecnicatura Superior en Administraci\u00f3n Duraci\u00f3n : Dos a\u00f1os y medio Modalidad: Combinada PRIMER A\u00d1O: PRIMER CUATRIMESTRE Orden Espacio Curricular Hs. Semanales R\u00e9gimen Correlativas 1 Metodolog\u00eda para la Administraci\u00f3n de Proyectos 5 Cuatrimestral &#8211; 2 Tecnolog\u00eda de la Informaci\u00f3n y la Comunicaci\u00f3n I 14 Bimestral &#8211; 3 Sociolog\u00eda General 4 Cuatrimestral &#8211; 4 Tecnolog\u00eda de la &#8230; <a title=\"Plan de estudios\" class=\"read-more\" href=\"https:\/\/enscdbustos-cba.infd.edu.ar\/sitio\/plan-de-estudios\/\" aria-label=\"More on Plan de estudios\">[+]<\/a><\/p>\n","protected":false},"author":619,"featured_media":0,"parent":0,"menu_order":0,"comment_status":"closed","ping_status":"closed","template":"","meta":[],"acf":[],"_links":{"self":[{"href":"https:\/\/enscdbustos-cba.infd.edu.ar\/sitio\/wp-json\/wp\/v2\/pages\/962"}],"collection":[{"href":"https:\/\/enscdbustos-cba.infd.edu.ar\/sitio\/wp-json\/wp\/v2\/pages"}],"about":[{"href":"https:\/\/enscdbustos-cba.infd.edu.ar\/sitio\/wp-json\/wp\/v2\/types\/page"}],"author":[{"embeddable":true,"href":"https:\/\/enscdbustos-cba.infd.edu.ar\/sitio\/wp-json\/wp\/v2\/users\/619"}],"replies":[{"embeddable":true,"href":"https:\/\/enscdbustos-cba.infd.edu.ar\/sitio\/wp-json\/wp\/v2\/comments?post=962"}],"version-history":[{"count":5,"href":"https:\/\/enscdbustos-cba.infd.edu.ar\/sitio\/wp-json\/wp\/v2\/pages\/962\/revisions"}],"predecessor-version":[{"id":1451,"href":"https:\/\/enscdbustos-cba.infd.edu.ar\/sitio\/wp-json\/wp\/v2\/pages\/962\/revisions\/1451"}],"wp:attachment":[{"href":"https:\/\/enscdbustos-cba.infd.edu.ar\/sitio\/wp-json\/wp\/v2\/media?parent=962"}],"curies":[{"name":"wp","href":"https:\/\/api.w.org\/{rel}","templated":true}]}}