{"id":937,"date":"2018-08-30T11:29:31","date_gmt":"2018-08-30T14:29:31","guid":{"rendered":"https:\/\/enscdbustos-cba.infd.edu.ar\/sitio\/plan-de-estudios-profesorado-de-educacion-secundaria-en-biologia\/"},"modified":"2023-12-18T17:45:01","modified_gmt":"2023-12-18T20:45:01","slug":"plan-de-estudios-profesorado-de-educacion-secundaria-en-biologia","status":"publish","type":"page","link":"https:\/\/enscdbustos-cba.infd.edu.ar\/sitio\/plan-de-estudios-profesorado-de-educacion-secundaria-en-biologia\/","title":{"rendered":"Plan de estudios &#8211; Profesorado de Educaci\u00f3n Secundaria en Biolog\u00eda"},"content":{"rendered":"<p style=\"text-align: center;\"><span style=\"font-size: 12pt;\"><strong><span style=\"text-decoration: underline;\">PROFESORADO DE EDUCACI\u00d3N SECUNDARIA EN BIOLOG\u00cdA<\/span><\/strong><\/span><\/p>\n<p style=\"text-align: center;\"><span style=\"font-size: 12pt;\"><strong>\u00a0<\/strong><\/span><\/p>\n<p style=\"text-align: center;\"><span style=\"font-size: 12pt;\"><strong>PRIMER A\u00d1O:<\/strong><\/span><\/p>\n<table style=\"margin-left: auto; margin-right: auto;\" border=\"1\" cellspacing=\"0\" cellpadding=\"0\">\n<tbody>\n<tr>\n<td style=\"text-align: center;\" width=\"267\"><span style=\"font-size: 12pt;\"><strong>ASIGNATURA<\/strong><\/span><\/td>\n<td style=\"text-align: center;\" width=\"251\"><span style=\"font-size: 12pt;\"><strong>HS. CATEDRAS<\/strong><\/span><\/td>\n<td style=\"text-align: center;\" valign=\"top\" width=\"215\"><span style=\"font-size: 12pt;\"><strong>FORMATO CURRICULAR<\/strong><\/span><\/td>\n<\/tr>\n<tr>\n<td style=\"text-align: center;\" valign=\"top\" width=\"267\"><strong><span style=\"font-size: 12pt;\">Pedagog\u00eda<\/span><\/strong><\/td>\n<td style=\"text-align: center;\" width=\"251\"><span style=\"font-size: 12pt;\">4<\/span><\/td>\n<td style=\"text-align: center;\" valign=\"top\" width=\"215\"><strong><span style=\"font-size: 12pt;\">ASIGNATURA<\/span><\/strong><\/td>\n<\/tr>\n<tr>\n<td style=\"text-align: center;\" valign=\"top\" width=\"267\"><strong><span style=\"font-size: 12pt;\">Problem\u00e1ticas Soc. en Educaci\u00f3n<\/span><\/strong><\/td>\n<td style=\"text-align: center;\" width=\"251\"><span style=\"font-size: 12pt;\">3<\/span><\/td>\n<td style=\"text-align: center;\" valign=\"top\" width=\"215\"><strong><span style=\"font-size: 12pt;\">SEMINARIO<\/span><\/strong><\/td>\n<\/tr>\n<tr>\n<td style=\"text-align: center;\" valign=\"top\" width=\"267\"><strong><span style=\"font-size: 12pt;\">Lenguaje Digital y Audiovisual<\/span><\/strong><\/td>\n<td style=\"text-align: center;\" width=\"251\"><span style=\"font-size: 12pt;\">2<\/span><\/td>\n<td style=\"text-align: center;\" valign=\"top\" width=\"215\"><strong><span style=\"font-size: 12pt;\">TALLER<\/span><\/strong><\/td>\n<\/tr>\n<tr>\n<td style=\"text-align: center;\" valign=\"top\" width=\"267\"><strong><span style=\"font-size: 12pt;\">Pr\u00e1ctica Docente I<\/span><\/strong><\/td>\n<td style=\"text-align: center;\" width=\"251\"><span style=\"font-size: 12pt;\">3<\/span><\/td>\n<td style=\"text-align: center;\" valign=\"top\" width=\"215\"><strong><span style=\"font-size: 12pt;\">SEMINARIO\/TALLER<\/span><\/strong><\/td>\n<\/tr>\n<tr>\n<td style=\"text-align: center;\" valign=\"top\" width=\"267\"><strong><span style=\"font-size: 12pt;\">Modelos Matem\u00e1ticos para las Cs. Naturales<\/span><\/strong><\/td>\n<td style=\"text-align: center;\" width=\"251\"><span style=\"font-size: 12pt;\">4<\/span><\/td>\n<td style=\"text-align: center;\" valign=\"top\" width=\"215\"><strong><span style=\"font-size: 12pt;\">TALLER<\/span><\/strong><\/td>\n<\/tr>\n<tr>\n<td style=\"text-align: center;\" valign=\"top\" width=\"267\"><strong><span style=\"font-size: 12pt;\">Modelos F\u00edsicos para las Cs. Naturales<\/span><\/strong><\/td>\n<td style=\"text-align: center;\" width=\"251\"><span style=\"font-size: 12pt;\">4<\/span><\/td>\n<td style=\"text-align: center;\" valign=\"top\" width=\"215\"><strong><span style=\"font-size: 12pt;\">TALLER<\/span><\/strong><\/td>\n<\/tr>\n<tr>\n<td style=\"text-align: center;\" valign=\"top\" width=\"267\"><span style=\"font-size: 16px;\"><strong>Qu\u00edmica General<\/strong><\/span><\/td>\n<td style=\"text-align: center;\" width=\"251\"><span style=\"font-size: 12pt;\">5<\/span><\/td>\n<td style=\"text-align: center;\" valign=\"top\" width=\"215\"><strong><span style=\"font-size: 12pt;\">ASIGNATURA<\/span><\/strong><\/td>\n<\/tr>\n<tr>\n<td style=\"text-align: center;\" valign=\"top\" width=\"267\"><strong><span style=\"font-size: 12pt;\">Biolog\u00eda General<\/span><\/strong><\/td>\n<td style=\"text-align: center;\" width=\"251\"><span style=\"font-size: 12pt;\">3<\/span><\/td>\n<td style=\"text-align: center;\" valign=\"top\" width=\"215\"><strong><span style=\"font-size: 12pt;\">ASIGNATURA<\/span><\/strong><\/td>\n<\/tr>\n<tr>\n<td style=\"text-align: center;\" valign=\"top\" width=\"267\"><strong><span style=\"font-size: 12pt;\">Biolog\u00eda Celular y Molecular<\/span><\/strong><\/td>\n<td style=\"text-align: center;\" width=\"251\"><span style=\"font-size: 12pt;\">4<\/span><\/td>\n<td style=\"text-align: center;\" valign=\"top\" width=\"215\"><strong><span style=\"font-size: 12pt;\">ASIGNATURA<\/span><\/strong><\/td>\n<\/tr>\n<\/tbody>\n<\/table>\n<p style=\"text-align: center;\"><span style=\"font-size: 12pt;\"><strong>SEGUNDO A\u00d1O:<\/strong><\/span><\/p>\n<table style=\"margin-left: auto; margin-right: auto;\" border=\"1\" cellspacing=\"0\" cellpadding=\"0\">\n<tbody>\n<tr>\n<td style=\"text-align: center;\" width=\"264\"><span style=\"font-size: 12pt;\"><strong>ASIGNATURA<\/strong><\/span><\/td>\n<td style=\"text-align: center;\" width=\"253\"><span style=\"font-size: 12pt;\"><strong>HS. CATEDRAS<\/strong><\/span><\/td>\n<td style=\"text-align: center;\" valign=\"top\" width=\"216\"><span style=\"font-size: 12pt;\"><strong>FORMATO CURRICULAR<\/strong><\/span><\/td>\n<\/tr>\n<tr>\n<td style=\"text-align: center;\" valign=\"top\" width=\"264\"><strong><span style=\"font-size: 12pt;\">Psicolog\u00eda y Educaci\u00f3n<\/span><\/strong><\/td>\n<td style=\"text-align: center;\" width=\"253\"><span style=\"font-size: 12pt;\">4<\/span><\/td>\n<td style=\"text-align: center;\" valign=\"top\" width=\"216\"><strong><span style=\"font-size: 12pt;\">ASIGNATURA<\/span><\/strong><\/td>\n<\/tr>\n<tr>\n<td style=\"text-align: center;\" valign=\"top\" width=\"264\"><strong><span style=\"font-size: 12pt;\">Did\u00e1ctica General<\/span><\/strong><\/td>\n<td style=\"text-align: center;\" width=\"253\"><span style=\"font-size: 12pt;\">3<\/span><\/td>\n<td style=\"text-align: center;\" valign=\"top\" width=\"216\"><strong><span style=\"font-size: 12pt;\">ASIGNATURA<\/span><\/strong><\/td>\n<\/tr>\n<tr>\n<td style=\"text-align: center;\" valign=\"top\" width=\"264\"><strong><span style=\"font-size: 12pt;\">Pr\u00e1ctica Docente II<\/span><\/strong><\/td>\n<td style=\"text-align: center;\" width=\"253\"><span style=\"font-size: 12pt;\">4<\/span><\/td>\n<td style=\"text-align: center;\" valign=\"top\" width=\"216\"><strong><span style=\"font-size: 12pt;\">SEMINARIO\/TALLER<\/span><\/strong><\/td>\n<\/tr>\n<tr>\n<td style=\"text-align: center;\" valign=\"top\" width=\"264\"><strong><span style=\"font-size: 12pt;\">Filosof\u00eda de las Ciencias<\/span><\/strong><\/td>\n<td style=\"text-align: center;\" width=\"253\"><span style=\"font-size: 12pt;\">3<\/span><\/td>\n<td style=\"text-align: center;\" valign=\"top\" width=\"216\"><strong><span style=\"font-size: 12pt;\">ASIGNATURA<\/span><\/strong><\/td>\n<\/tr>\n<tr>\n<td style=\"text-align: center;\" valign=\"top\" width=\"264\"><strong><span style=\"font-size: 12pt;\">Trabajo Experimental en Biolog\u00eda<\/span><\/strong><\/td>\n<td style=\"text-align: center;\" width=\"253\"><span style=\"font-size: 12pt;\">3<\/span><\/td>\n<td style=\"text-align: center;\" valign=\"top\" width=\"216\"><strong><span style=\"font-size: 12pt;\">TALLER<\/span><\/strong><\/td>\n<\/tr>\n<tr>\n<td style=\"text-align: center;\" valign=\"top\" width=\"264\"><strong><span style=\"font-size: 12pt;\">Qu\u00edmica Org\u00e1nica y Biol\u00f3gica<\/span><\/strong><\/td>\n<td style=\"text-align: center;\" width=\"253\"><span style=\"font-size: 12pt;\">4<\/span><\/td>\n<td style=\"text-align: center;\" valign=\"top\" width=\"216\"><strong><span style=\"font-size: 12pt;\">ASIGNATURA<\/span><\/strong><\/td>\n<\/tr>\n<tr>\n<td style=\"text-align: center;\" valign=\"top\" width=\"264\"><strong><span style=\"font-size: 12pt;\">Biolog\u00eda Animal I<\/span><\/strong><\/td>\n<td style=\"text-align: center;\" width=\"253\"><span style=\"font-size: 12pt;\">4<\/span><\/td>\n<td style=\"text-align: center;\" valign=\"top\" width=\"216\"><strong><span style=\"font-size: 12pt;\">ASIGNATURA<\/span><\/strong><\/td>\n<\/tr>\n<tr>\n<td style=\"text-align: center;\" valign=\"top\" width=\"264\"><strong><span style=\"font-size: 12pt;\">Biolog\u00eda de las Plantas I<\/span><\/strong><\/td>\n<td style=\"text-align: center;\" width=\"253\"><span style=\"font-size: 12pt;\">4<\/span><\/td>\n<td style=\"text-align: center;\" valign=\"top\" width=\"216\"><strong><span style=\"font-size: 12pt;\">ASIGNATURA<\/span><\/strong><\/td>\n<\/tr>\n<tr>\n<td style=\"text-align: center;\" valign=\"top\" width=\"264\"><strong><span style=\"font-size: 12pt;\">Biolog\u00eda de los Microorganismos y Hongos<\/span><\/strong><\/td>\n<td style=\"text-align: center;\" width=\"253\"><span style=\"font-size: 12pt;\">3<\/span><\/td>\n<td style=\"text-align: center;\" valign=\"top\" width=\"216\"><strong><span style=\"font-size: 12pt;\">ASIGNATURA<\/span><\/strong><\/td>\n<\/tr>\n<\/tbody>\n<\/table>\n<p style=\"text-align: center;\"><span style=\"font-size: 12pt;\"><strong>TERCER A\u00d1O:<\/strong><\/span><\/p>\n<table style=\"margin-left: auto; margin-right: auto;\" border=\"1\" cellspacing=\"0\" cellpadding=\"0\">\n<tbody>\n<tr>\n<td style=\"text-align: center;\" width=\"262\"><span style=\"font-size: 12pt;\"><strong>ASIGNATURA<\/strong><\/span><\/td>\n<td style=\"text-align: center;\" width=\"254\"><span style=\"font-size: 12pt;\"><strong>HS. CATEDRAS<\/strong><\/span><\/td>\n<td style=\"text-align: center;\" valign=\"top\" width=\"217\"><span style=\"font-size: 12pt;\"><strong>FORMATO CURRICULAR<\/strong><\/span><\/td>\n<\/tr>\n<tr>\n<td style=\"text-align: center;\" valign=\"top\" width=\"262\"><strong><span style=\"font-size: 12pt;\">Historia y Pol\u00edtica de la Educ. Arg.<\/span><\/strong><\/td>\n<td style=\"text-align: center;\" width=\"254\"><span style=\"font-size: 12pt;\">3<\/span><\/td>\n<td style=\"text-align: center;\" valign=\"top\" width=\"217\"><strong><span style=\"font-size: 12pt;\">ASIGNATURA<\/span><\/strong><\/td>\n<\/tr>\n<tr>\n<td style=\"text-align: center;\" valign=\"top\" width=\"262\"><strong><span style=\"font-size: 12pt;\">Pr\u00e1ctica Docente III<\/span><\/strong><\/td>\n<td style=\"text-align: center;\" width=\"254\"><span style=\"font-size: 12pt;\">5<\/span><\/td>\n<td style=\"text-align: center;\" valign=\"top\" width=\"217\"><strong><span style=\"font-size: 12pt;\">SEMINARIO\/TALLER<\/span><\/strong><\/td>\n<\/tr>\n<tr>\n<td style=\"text-align: center;\" valign=\"top\" width=\"262\"><strong><span style=\"font-size: 12pt;\">Sujetos de la Educaci\u00f3n y ESI<\/span><\/strong><\/td>\n<td style=\"text-align: center;\" width=\"254\"><span style=\"font-size: 12pt;\">3<\/span><\/td>\n<td style=\"text-align: center;\" valign=\"top\" width=\"217\"><strong><span style=\"font-size: 12pt;\">SEMINARIO<\/span><\/strong><\/td>\n<\/tr>\n<tr>\n<td style=\"text-align: center;\" valign=\"top\" width=\"262\"><strong><span style=\"font-size: 12pt;\">Did\u00e1ctica de las Ciencias Naturales<\/span><\/strong><\/td>\n<td style=\"text-align: center;\" width=\"254\"><span style=\"font-size: 12pt;\">3<\/span><\/td>\n<td style=\"text-align: center;\" valign=\"top\" width=\"217\"><strong><span style=\"font-size: 12pt;\">ASIGNATURA<\/span><\/strong><\/td>\n<\/tr>\n<tr>\n<td style=\"text-align: center;\" valign=\"top\" width=\"262\"><strong><span style=\"font-size: 12pt;\">Historia y Epist. de la Biolog\u00eda<\/span><\/strong><\/td>\n<td style=\"text-align: center;\" width=\"254\"><span style=\"font-size: 12pt;\">3<\/span><\/td>\n<td style=\"text-align: center;\" valign=\"top\" width=\"217\"><strong><span style=\"font-size: 12pt;\">SEMINARIO<\/span><\/strong><\/td>\n<\/tr>\n<tr>\n<td style=\"text-align: center;\" valign=\"top\" width=\"262\"><strong><span style=\"font-size: 12pt;\">Biolog\u00eda Animal II<\/span><\/strong><\/td>\n<td style=\"text-align: center;\" width=\"254\"><span style=\"font-size: 12pt;\">3<\/span><\/td>\n<td style=\"text-align: center;\" valign=\"top\" width=\"217\"><strong><span style=\"font-size: 12pt;\">ASIGNATURA<\/span><\/strong><\/td>\n<\/tr>\n<tr>\n<td style=\"text-align: center;\" valign=\"top\" width=\"262\"><strong><span style=\"font-size: 12pt;\">Biolog\u00eda de las Plantas II<\/span><\/strong><\/td>\n<td style=\"text-align: center;\" width=\"254\"><span style=\"font-size: 12pt;\">4<\/span><\/td>\n<td style=\"text-align: center;\" valign=\"top\" width=\"217\"><strong><span style=\"font-size: 12pt;\">ASIGNATURA<\/span><\/strong><\/td>\n<\/tr>\n<tr>\n<td style=\"text-align: center;\" valign=\"top\" width=\"262\"><strong><span style=\"font-size: 12pt;\">Ecolog\u00eda<\/span><\/strong><\/td>\n<td style=\"text-align: center;\" width=\"254\"><span style=\"font-size: 12pt;\">4<\/span><\/td>\n<td style=\"text-align: center;\" valign=\"top\" width=\"217\"><strong><span style=\"font-size: 12pt;\">ASIGNATURA<\/span><\/strong><\/td>\n<\/tr>\n<tr>\n<td style=\"text-align: center;\" valign=\"top\" width=\"262\"><strong><span style=\"font-size: 12pt;\">Biolog\u00eda Humana<\/span><\/strong><\/td>\n<td style=\"text-align: center;\" width=\"254\"><span style=\"font-size: 12pt;\">5<\/span><\/td>\n<td style=\"text-align: center;\" valign=\"top\" width=\"217\"><strong><span style=\"font-size: 12pt;\">ASIGNATURA<\/span><\/strong><\/td>\n<\/tr>\n<\/tbody>\n<\/table>\n<p style=\"text-align: center;\"><span style=\"font-size: 12pt;\"><strong>CUARTO A\u00d1O:<\/strong><\/span><\/p>\n<table border=\"1\" cellspacing=\"0\" cellpadding=\"0\">\n<tbody>\n<tr>\n<td style=\"text-align: center;\" width=\"262\">\n<p style=\"text-align: left;\"><span style=\"font-size: 12pt;\"><strong>ASIGNATURA<\/strong><\/span><\/p>\n<\/td>\n<td style=\"text-align: center;\" width=\"254\"><span style=\"font-size: 12pt;\"><strong>HS. CATEDRAS<\/strong><\/span><\/td>\n<td style=\"text-align: center;\" valign=\"top\" width=\"217\"><span style=\"font-size: 12pt;\"><strong>FORMATO CURRICULAR<\/strong><\/span><\/td>\n<\/tr>\n<tr>\n<td style=\"text-align: center;\" valign=\"top\" width=\"262\"><strong><span style=\"font-size: 12pt;\">Pr\u00e1ctica Docente IV y Residencia<\/span><\/strong><\/td>\n<td style=\"text-align: center;\" width=\"254\"><span style=\"font-size: 12pt;\">8<\/span><\/td>\n<td style=\"text-align: center;\" valign=\"top\" width=\"217\"><strong><span style=\"font-size: 12pt;\">SEMINARIO\/TALLER<\/span><\/strong><\/td>\n<\/tr>\n<tr>\n<td style=\"text-align: center;\" valign=\"top\" width=\"262\"><strong><span style=\"font-size: 12pt;\">Biolog\u00eda Humana y Salud<\/span><\/strong><\/td>\n<td style=\"text-align: center;\" width=\"254\"><span style=\"font-size: 12pt;\">3<\/span><\/td>\n<td style=\"text-align: center;\" valign=\"top\" width=\"217\"><strong><span style=\"font-size: 12pt;\">SEMINARIO<\/span><\/strong><\/td>\n<\/tr>\n<tr>\n<td style=\"text-align: center;\" valign=\"top\" width=\"262\"><strong><span style=\"font-size: 12pt;\">Gen\u00e9tica y Biotecnolog\u00eda<\/span><\/strong><\/td>\n<td style=\"text-align: center;\" width=\"254\"><span style=\"font-size: 12pt;\">4<\/span><\/td>\n<td style=\"text-align: center;\" valign=\"top\" width=\"217\"><strong><span style=\"font-size: 12pt;\">ASIGNATURA<\/span><\/strong><\/td>\n<\/tr>\n<tr>\n<td style=\"text-align: center;\" valign=\"top\" width=\"262\"><strong><span style=\"font-size: 12pt;\">Educaci\u00f3n Ambiental<\/span><\/strong><\/td>\n<td style=\"text-align: center;\" width=\"254\"><span style=\"font-size: 12pt;\">3<\/span><\/td>\n<td style=\"text-align: center;\" valign=\"top\" width=\"217\"><strong><span style=\"font-size: 12pt;\">SEMINARIO<\/span><\/strong><\/td>\n<\/tr>\n<tr>\n<td style=\"text-align: center;\" valign=\"top\" width=\"262\"><strong><span style=\"font-size: 12pt;\">Did\u00e1ctica de las Ciencias Naturales: Biolog\u00eda<\/span><\/strong><\/td>\n<td style=\"text-align: center;\" width=\"254\"><span style=\"font-size: 12pt;\">5<\/span><\/td>\n<td style=\"text-align: center;\" valign=\"top\" width=\"217\"><strong><span style=\"font-size: 12pt;\">ASIGNATURA<\/span><\/strong><\/td>\n<\/tr>\n<tr>\n<td style=\"text-align: center;\" valign=\"top\" width=\"262\"><strong><span style=\"font-size: 12pt;\">Historia de la Vida en la Tierra y Procesos Evolutivos<\/span><\/strong><\/td>\n<td style=\"text-align: center;\" width=\"254\"><span style=\"font-size: 12pt;\">3<\/span><\/td>\n<td style=\"text-align: center;\" valign=\"top\" width=\"217\"><strong><span style=\"font-size: 12pt;\">ASIGNATURA<\/span><\/strong><\/td>\n<\/tr>\n<tr>\n<td valign=\"top\" width=\"262\">\n<p style=\"text-align: center;\"><strong><span style=\"font-size: 12pt;\">\u00c9tica y Construcci\u00f3n de Ciudadan\u00eda<\/span><\/strong><\/p>\n<\/td>\n<td style=\"text-align: center;\" width=\"254\"><span style=\"font-size: 12pt;\">3<\/span><\/td>\n<td style=\"text-align: center;\" valign=\"top\" width=\"217\"><span style=\"font-size: 16px;\"><strong>SEMINARIO<\/strong><\/span><\/td>\n<\/tr>\n<tr>\n<td valign=\"top\" width=\"262\">\n<p style=\"text-align: center;\"><strong><span style=\"font-size: 12pt;\">Problem\u00e1ticas y Desaf\u00edos de la Educ.<\/span><\/strong><\/p>\n<\/td>\n<td style=\"text-align: center;\" width=\"254\"><span style=\"font-size: 12pt;\">4<\/span><\/td>\n<td style=\"text-align: center;\" valign=\"top\" width=\"217\"><strong><span style=\"font-size: 12pt;\">SEMINARIO<\/span><\/strong><\/td>\n<\/tr>\n<\/tbody>\n<\/table>\n","protected":false},"excerpt":{"rendered":"<p>PROFESORADO DE EDUCACI\u00d3N SECUNDARIA EN BIOLOG\u00cdA \u00a0 PRIMER A\u00d1O: ASIGNATURA HS. CATEDRAS FORMATO CURRICULAR Pedagog\u00eda 4 ASIGNATURA Problem\u00e1ticas Soc. en Educaci\u00f3n 3 SEMINARIO Lenguaje Digital y Audiovisual 2 TALLER Pr\u00e1ctica Docente I 3 SEMINARIO\/TALLER Modelos Matem\u00e1ticos para las Cs. Naturales 4 TALLER Modelos F\u00edsicos para las Cs. Naturales 4 TALLER Qu\u00edmica General 5 ASIGNATURA Biolog\u00eda &#8230; <a title=\"Plan de estudios &#8211; Profesorado de Educaci\u00f3n Secundaria en Biolog\u00eda\" class=\"read-more\" href=\"https:\/\/enscdbustos-cba.infd.edu.ar\/sitio\/plan-de-estudios-profesorado-de-educacion-secundaria-en-biologia\/\" aria-label=\"More on Plan de estudios &#8211; Profesorado de Educaci\u00f3n Secundaria en Biolog\u00eda\">[+]<\/a><\/p>\n","protected":false},"author":11,"featured_media":0,"parent":0,"menu_order":0,"comment_status":"closed","ping_status":"closed","template":"","meta":[],"acf":[],"_links":{"self":[{"href":"https:\/\/enscdbustos-cba.infd.edu.ar\/sitio\/wp-json\/wp\/v2\/pages\/937"}],"collection":[{"href":"https:\/\/enscdbustos-cba.infd.edu.ar\/sitio\/wp-json\/wp\/v2\/pages"}],"about":[{"href":"https:\/\/enscdbustos-cba.infd.edu.ar\/sitio\/wp-json\/wp\/v2\/types\/page"}],"author":[{"embeddable":true,"href":"https:\/\/enscdbustos-cba.infd.edu.ar\/sitio\/wp-json\/wp\/v2\/users\/11"}],"replies":[{"embeddable":true,"href":"https:\/\/enscdbustos-cba.infd.edu.ar\/sitio\/wp-json\/wp\/v2\/comments?post=937"}],"version-history":[{"count":2,"href":"https:\/\/enscdbustos-cba.infd.edu.ar\/sitio\/wp-json\/wp\/v2\/pages\/937\/revisions"}],"predecessor-version":[{"id":1464,"href":"https:\/\/enscdbustos-cba.infd.edu.ar\/sitio\/wp-json\/wp\/v2\/pages\/937\/revisions\/1464"}],"wp:attachment":[{"href":"https:\/\/enscdbustos-cba.infd.edu.ar\/sitio\/wp-json\/wp\/v2\/media?parent=937"}],"curies":[{"name":"wp","href":"https:\/\/api.w.org\/{rel}","templated":true}]}}