{"id":900,"date":"2018-08-30T11:29:17","date_gmt":"2018-08-30T14:29:17","guid":{"rendered":"https:\/\/enscdbustos-cba.infd.edu.ar\/sitio\/informacion-para-estudiantes\/"},"modified":"2026-02-24T18:54:26","modified_gmt":"2026-02-24T21:54:26","slug":"informacion-para-estudiantes","status":"publish","type":"page","link":"https:\/\/enscdbustos-cba.infd.edu.ar\/sitio\/informacion-para-estudiantes\/","title":{"rendered":"Informaci\u00f3n para estudiantes"},"content":{"rendered":"<p style=\"text-align: center;\">\n<p><img decoding=\"async\" loading=\"lazy\" class=\"alignnone size-medium wp-image-1588 aligncenter\" src=\"https:\/\/enscdbustos-cba.infd.edu.ar\/sitio\/wp-content\/uploads\/2026\/02\/Nuevo-RAM-2026-400x1000.png\" alt=\"\" width=\"400\" height=\"1000\" srcset=\"https:\/\/enscdbustos-cba.infd.edu.ar\/sitio\/wp-content\/uploads\/2026\/02\/Nuevo-RAM-2026-400x1000.png 400w, https:\/\/enscdbustos-cba.infd.edu.ar\/sitio\/wp-content\/uploads\/2026\/02\/Nuevo-RAM-2026-760x1900.png 760w, https:\/\/enscdbustos-cba.infd.edu.ar\/sitio\/wp-content\/uploads\/2026\/02\/Nuevo-RAM-2026-768x1920.png 768w, https:\/\/enscdbustos-cba.infd.edu.ar\/sitio\/wp-content\/uploads\/2026\/02\/Nuevo-RAM-2026-614x1536.png 614w, https:\/\/enscdbustos-cba.infd.edu.ar\/sitio\/wp-content\/uploads\/2026\/02\/Nuevo-RAM-2026.png 800w\" sizes=\"(max-width: 400px) 100vw, 400px\" \/><\/p>\n<hr \/>\n<p style=\"padding-left: 30px; text-align: center;\"><strong style=\"color: #0000cc;\">CORRELATIVIDADES<\/strong><\/p>\n<div style=\"padding-left: 30px;\">\n<ul>\n<li>\n<div style=\"text-align: left;\"><span style=\"font-family: arial,helvetica,sans-serif;\"><strong><span style=\"color: #3366ff;\"><span style=\"font-size: 8pt;\">Profesorado de Educaci\u00f3n Inicial<\/span><\/span><\/strong><\/span><\/div>\n<\/li>\n<\/ul>\n<table style=\"width: 516px; height: 202px;\" border=\"0\">\n<tbody>\n<tr>\n<td style=\"text-align: center;\"><strong><span style=\"font-size: 8pt;\"><span style=\"font-family: arial,helvetica,sans-serif;\">UNIDAD CURRICULAR\u00a0\u00a0\u00a0\u00a0\u00a0\u00a0\u00a0\u00a0\u00a0\u00a0\u00a0\u00a0\u00a0\u00a0\u00a0 <\/span><\/span><\/strong><\/td>\n<td style=\"text-align: center;\"><strong><span style=\"font-size: 8pt;\"><span style=\"font-family: arial,helvetica,sans-serif;\"><span style=\"font-size: 8pt;\">UNIDAD CURRICULAR CORRELATIVA<\/span><\/span><\/span><\/strong><\/td>\n<\/tr>\n<tr>\n<td><span style=\"font-size: 8pt;\"><span style=\"font-family: arial,helvetica,sans-serif;\"><span style=\"font-size: 8pt;\"><strong>Regularizas:<\/strong> Pedagog\u00eda y Psicolog\u00eda y Educaci\u00f3n<\/span><\/span><\/span><\/td>\n<td><span style=\"font-size: 8pt;\"><span style=\"font-family: arial,helvetica,sans-serif;\"><span style=\"font-size: 8pt;\">Did\u00e1ctica General<\/span><\/span><\/span><\/td>\n<\/tr>\n<tr>\n<td><span style=\"font-size: 8pt;\"><span style=\"font-family: arial,helvetica,sans-serif;\"><span style=\"font-size: 8pt;\"><strong>Regularizada:<\/strong> Pedagog\u00eda<\/span><\/span><\/span><\/td>\n<td><span style=\"font-size: 8pt;\"><span style=\"font-family: arial,helvetica,sans-serif;\"><span style=\"font-size: 8pt;\">Historia y Pol\u00edtica de la Educaci\u00f3n Argentina<\/span><\/span><\/span><\/td>\n<\/tr>\n<tr>\n<td><span style=\"font-size: 8pt;\"><span style=\"font-family: arial,helvetica,sans-serif;\"><span style=\"font-size: 8pt;\"><strong>Regularizada: <\/strong>Psicolog\u00eda y Educaci\u00f3n<\/span><\/span><\/span><\/td>\n<td><span style=\"font-size: 8pt;\"><span style=\"font-family: arial,helvetica,sans-serif;\"><span style=\"font-size: 8pt;\">Sujetos de la Educaci\u00f3n\u00a0 y Convivencia Escolar<\/span><\/span><\/span><\/td>\n<\/tr>\n<tr>\n<td><span style=\"font-size: 8pt;\"><span style=\"font-family: arial,helvetica,sans-serif;\"><span style=\"font-size: 8pt;\"><strong>Regularizada: <\/strong>Desarrollo del Pensamiento Matem\u00e1tico<\/span><\/span><\/span><\/td>\n<td><span style=\"font-size: 8pt;\"><span style=\"font-family: arial,helvetica,sans-serif;\"><span style=\"font-size: 8pt;\">Matem\u00e1tica y su Did\u00e1ctica<\/span><\/span><\/span><\/td>\n<\/tr>\n<tr>\n<td><span style=\"font-size: 8pt;\"><span style=\"font-family: arial,helvetica,sans-serif;\"><span style=\"font-size: 8pt;\"><strong>Regularizada: <\/strong>Oralidad, Lectura y Escritura<\/span><\/span><\/span><\/td>\n<td><span style=\"font-size: 8pt;\"><span style=\"font-family: arial,helvetica,sans-serif;\"><span style=\"font-size: 8pt;\">Lengua y su Did\u00e1ctica<\/span><\/span><\/span><\/td>\n<\/tr>\n<tr>\n<td><span style=\"font-size: 8pt;\"><span style=\"font-family: arial,helvetica,sans-serif;\"><span style=\"font-size: 8pt;\"><strong>Regularizada:<\/strong> Lengua y su Did\u00e1ctica<\/span><\/span><\/span><\/td>\n<td><span style=\"font-size: 8pt;\"><span style=\"font-family: arial,helvetica,sans-serif;\"><span style=\"font-size: 8pt;\">Literatura en el Nivel Inicial<\/span><\/span><\/span><\/td>\n<\/tr>\n<tr>\n<td><span style=\"font-size: 8pt;\"><span style=\"font-family: arial,helvetica,sans-serif;\"><span style=\"font-size: 8pt;\"><strong>Regularizada:<\/strong> Ciencias Naturales y su Did\u00e1ctica<\/span><\/span><\/span><\/td>\n<td><span style=\"font-size: 8pt;\"><span style=\"font-family: arial,helvetica,sans-serif;\"><span style=\"font-size: 8pt;\">Educaci\u00f3n para la Salud y Educaci\u00f3n Ambiental<\/span><\/span><\/span><\/td>\n<\/tr>\n<tr>\n<td><span style=\"font-size: 8pt;\"><span style=\"font-family: arial,helvetica,sans-serif;\"><span style=\"font-size: 8pt;\"><strong>Regularizadas:<\/strong> Pr\u00e1ctica Docente I\u00a0\u00a0\u00a0\u00a0\u00a0\u00a0\u00a0\u00a0\u00a0\u00a0\u00a0\u00a0\u00a0\u00a0\u00a0\u00a0\u00a0 Problem\u00e1ticas Socioantropol\u00f3gicas en Educaci\u00f3n\u00a0\u00a0\u00a0\u00a0\u00a0\u00a0 Educaci\u00f3n inicial: El Jard\u00edn Maternal<\/span><\/span><\/span><\/td>\n<td><span style=\"font-size: 8pt;\"><span style=\"font-family: arial,helvetica,sans-serif;\"><span style=\"font-size: 8pt;\">Pr\u00e1ctica Docente II:Escuelas, Historias Documentadas y Cotidianeidad<\/span><\/span><\/span><\/td>\n<\/tr>\n<tr>\n<td><span style=\"font-size: 8pt;\"><span style=\"font-family: arial,helvetica,sans-serif;\"><span style=\"font-size: 8pt;\"><strong>Regularizadas:<\/strong> Pr\u00e1ctica\u00a0Docente II\u00a0\u00a0\u00a0\u00a0\u00a0\u00a0\u00a0\u00a0\u00a0\u00a0\u00a0\u00a0\u00a0\u00a0\u00a0\u00a0\u00a0\u00a0\u00a0 Did\u00e1ctica General\u00a0\u00a0\u00a0\u00a0\u00a0<\/span><\/span><\/span><\/p>\n<p><span style=\"font-size: 8pt;\"><span style=\"font-family: arial,helvetica,sans-serif;\"><span style=\"font-size: 8pt;\">Dos de las Did\u00e1cticas espec\u00edficas<\/span><\/span><\/span><\/td>\n<td><span style=\"font-size: 8pt;\"><span style=\"font-family: arial,helvetica,sans-serif;\"><span style=\"font-size: 8pt;\">Pr\u00e1ctica Docente III: la Sala, Espacio del Ense\u00f1ar y del Aprender<\/span><\/span><\/span><\/td>\n<\/tr>\n<tr>\n<td><span style=\"font-size: 8pt;\"><span style=\"font-family: arial,helvetica,sans-serif;\"><span style=\"font-size: 8pt;\"><strong>Aprobadas:<\/strong> Pr\u00e1ctica Docente III y todas las Did\u00e1cticas espec\u00edficas de 2\u00b0 a\u00f1o, y al menos dos de las Did\u00e1cticas espec\u00edficas de 3\u00b0a\u00f1o.<\/span><\/span><\/span><\/p>\n<p><span style=\"font-size: 8pt;\"><span style=\"font-family: arial,helvetica,sans-serif;\"><span style=\"font-size: 8pt;\"><strong>Regularizadas:<\/strong> las otras dos Did\u00e1cticas espec\u00edficas de 3\u00b0 a\u00f1o<\/span><\/span><\/span><\/td>\n<td><span style=\"font-size: 8pt;\"><span style=\"font-family: arial,helvetica,sans-serif;\"><span style=\"font-size: 8pt;\">Pr\u00e1ctica Docente IV y Residencia: Recrear las Pr\u00e1cticas Docentes<\/span><\/span><\/span><\/td>\n<\/tr>\n<\/tbody>\n<\/table>\n<ul>\n<li>\n<div style=\"text-align: left;\"><span style=\"font-family: arial,helvetica,sans-serif;\"><strong><span style=\"color: #3366ff;\"><span style=\"font-family: arial,helvetica,sans-serif;\"><span style=\"font-size: 8pt;\">Profesorado de Educaci\u00f3n Primaria:<\/span><\/span><\/span><\/strong><\/span><span style=\"font-family: arial,helvetica,sans-serif;\"><span style=\"font-size: 8pt;\">\u00a0<\/span><\/span><\/div>\n<\/li>\n<\/ul>\n<table style=\"width: 516px; height: 202px;\" border=\"0\">\n<tbody>\n<tr>\n<td style=\"text-align: center;\">\n<p style=\"text-align: center;\"><strong><span style=\"font-family: arial,helvetica,sans-serif;\"><span style=\"font-size: 8pt;\">UNIDAD CURRICULAR\u00a0\u00a0\u00a0\u00a0\u00a0\u00a0\u00a0\u00a0\u00a0\u00a0\u00a0\u00a0\u00a0\u00a0\u00a0 <\/span><\/span><\/strong><\/p>\n<\/td>\n<td style=\"text-align: center;\">\n<p style=\"text-align: center;\"><strong><span style=\"font-family: arial,helvetica,sans-serif;\"><span style=\"font-size: 8pt;\">UNIDAD CURRICULAR CORRELATIVA<\/span><\/span><\/strong><\/p>\n<\/td>\n<\/tr>\n<tr>\n<td>\n<p style=\"text-align: left;\"><span style=\"font-family: arial,helvetica,sans-serif;\"><span style=\"font-size: 8pt;\"><strong>Regularizas:<\/strong> Pedagog\u00eda y Psicolog\u00eda y Educaci\u00f3n<\/span><\/span><\/p>\n<\/td>\n<td>\n<p style=\"text-align: left;\"><span style=\"font-family: arial,helvetica,sans-serif;\"><span style=\"font-size: 8pt;\">Did\u00e1ctica General<\/span><\/span><\/p>\n<\/td>\n<\/tr>\n<tr>\n<td>\n<p style=\"text-align: left;\"><span style=\"font-family: arial,helvetica,sans-serif;\"><span style=\"font-size: 8pt;\"><strong>Regularizada:<\/strong> Pedagog\u00eda<\/span><\/span><\/p>\n<\/td>\n<td>\n<p style=\"text-align: left;\"><span style=\"font-family: arial,helvetica,sans-serif;\"><span style=\"font-size: 8pt;\">Historia y Pol\u00edtica de la Educaci\u00f3n Argentina<\/span><\/span><\/p>\n<\/td>\n<\/tr>\n<tr>\n<td>\n<p style=\"text-align: left;\"><span style=\"font-family: arial,helvetica,sans-serif;\"><span style=\"font-size: 8pt;\"><strong>Regularizada: <\/strong>Psicolog\u00eda y Educaci\u00f3n<\/span><\/span><\/p>\n<\/td>\n<td>\n<p style=\"text-align: left;\"><span style=\"font-family: arial,helvetica,sans-serif;\"><span style=\"font-size: 8pt;\">Sujetos de la Educaci\u00f3n\u00a0 y Convivencia Escolar<\/span><\/span><\/p>\n<\/td>\n<\/tr>\n<tr>\n<td>\n<p style=\"text-align: left;\"><span style=\"font-family: arial,helvetica,sans-serif;\"><span style=\"font-size: 8pt;\"><strong>Regularizada: <\/strong>Desarrollo del Pensamiento Matem\u00e1tico<\/span><\/span><\/p>\n<\/td>\n<td>\n<p style=\"text-align: left;\"><span style=\"font-family: arial,helvetica,sans-serif;\"><span style=\"font-size: 8pt;\">Matem\u00e1tica y su Did\u00e1ctica I<\/span><\/span><\/p>\n<\/td>\n<\/tr>\n<tr>\n<td>\n<p style=\"text-align: left;\"><span style=\"font-family: arial,helvetica,sans-serif;\"><span style=\"font-size: 8pt;\"><strong>Regularizada:<\/strong> Matem\u00e1tica y su Did\u00e1ctica I<\/span><\/span><\/p>\n<\/td>\n<td>\n<p style=\"text-align: left;\"><span style=\"font-family: arial,helvetica,sans-serif;\"><span style=\"font-size: 8pt;\">Matem\u00e1tica y su Did\u00e1ctica II<\/span><\/span><\/p>\n<\/td>\n<\/tr>\n<tr>\n<td>\n<p style=\"text-align: left;\"><span style=\"font-family: arial,helvetica,sans-serif;\"><span style=\"font-size: 8pt;\"><strong>Regularizada: <\/strong>Oralidad, Lectura y Escritura<\/span><\/span><\/p>\n<\/td>\n<td>\n<p style=\"text-align: left;\"><span style=\"font-family: arial,helvetica,sans-serif;\"><span style=\"font-size: 8pt;\">Lengua y su Did\u00e1ctica I<\/span><\/span><\/p>\n<\/td>\n<\/tr>\n<tr>\n<td>\n<p style=\"text-align: left;\"><span style=\"font-family: arial,helvetica,sans-serif;\"><span style=\"font-size: 8pt;\"><strong>Regularizada:<\/strong> Lengua y su Did\u00e1ctica I<\/span><\/span><\/p>\n<\/td>\n<td>\n<p style=\"text-align: left;\"><span style=\"font-family: arial,helvetica,sans-serif;\"><span style=\"font-size: 8pt;\">Alfabetizaci\u00f3n\u00a0 Inicial<\/span><\/span><\/p>\n<\/td>\n<\/tr>\n<tr>\n<td>\n<p style=\"text-align: left;\"><span style=\"font-family: arial,helvetica,sans-serif;\"><span style=\"font-size: 8pt;\"><strong>Regularizada:<\/strong> Ciencias Sociales y su Did\u00e1ctica I<\/span><\/span><\/p>\n<\/td>\n<td>\n<p style=\"text-align: left;\"><span style=\"font-family: arial,helvetica,sans-serif;\"><span style=\"font-size: 8pt;\">Ciencias Sociales y su Did\u00e1ctica II<\/span><\/span><\/p>\n<\/td>\n<\/tr>\n<tr>\n<td>\n<p style=\"text-align: left;\"><span style=\"font-family: arial,helvetica,sans-serif;\"><span style=\"font-size: 8pt;\"><strong>Regularizada:<\/strong> Ciencias Naturales y su Did\u00e1ctica I<\/span><\/span><\/p>\n<\/td>\n<td>\n<p style=\"text-align: left;\"><span style=\"font-family: arial,helvetica,sans-serif;\"><span style=\"font-size: 8pt;\">Ciencias Naturales y su Did\u00e1ctica II<\/span><\/span><\/p>\n<\/td>\n<\/tr>\n<tr>\n<td>\n<p style=\"text-align: left;\"><span style=\"font-family: arial,helvetica,sans-serif;\"><span style=\"font-size: 8pt;\"><strong>Regularizadas:<\/strong> Pr\u00e1ctica Docente I\u00a0\u00a0\u00a0\u00a0\u00a0\u00a0\u00a0\u00a0\u00a0\u00a0\u00a0\u00a0\u00a0\u00a0\u00a0\u00a0\u00a0 Problem\u00e1ticas Socioantropol\u00f3gicas en Educaci\u00f3n\u00a0\u00a0\u00a0\u00a0\u00a0\u00a0<\/span><\/span><\/p>\n<\/td>\n<td>\n<p style=\"text-align: left;\"><span style=\"font-family: arial,helvetica,sans-serif;\"><span style=\"font-size: 8pt;\">Pr\u00e1ctica Docente II:Escuelas, Historias Documentadas y Cotidianeidad<\/span><\/span><\/p>\n<\/td>\n<\/tr>\n<tr>\n<td>\n<p style=\"text-align: left;\"><span style=\"font-family: arial,helvetica,sans-serif;\"><span style=\"font-size: 8pt;\"><strong>Regularizadas:<\/strong> Pr\u00e1ctica\u00a0Docente II\u00a0\u00a0\u00a0\u00a0\u00a0\u00a0\u00a0\u00a0\u00a0\u00a0\u00a0\u00a0\u00a0\u00a0\u00a0\u00a0\u00a0\u00a0\u00a0 Did\u00e1ctica General\u00a0\u00a0\u00a0\u00a0\u00a0<\/span><\/span><\/p>\n<p style=\"text-align: left;\"><span style=\"font-family: arial,helvetica,sans-serif;\"><span style=\"font-size: 8pt;\">Dos de las Did\u00e1cticas espec\u00edficas<\/span><\/span><\/p>\n<\/td>\n<td>\n<p style=\"text-align: left;\"><span style=\"font-family: arial,helvetica,sans-serif;\"><span style=\"font-size: 8pt;\">Pr\u00e1ctica Docente III: el Aula, Espacio del Ense\u00f1ar y del Aprender<\/span><\/span><\/p>\n<\/td>\n<\/tr>\n<tr>\n<td>\n<p style=\"text-align: left;\"><span style=\"font-family: arial,helvetica,sans-serif;\"><span style=\"font-size: 8pt;\"><strong>Aprobadas:<\/strong> Pr\u00e1ctica Docente III y todas las Did\u00e1cticas espec\u00edficas de 2\u00b0 a\u00f1o, y al menos dos de las Did\u00e1cticas espec\u00edficas de 3\u00b0a\u00f1o, incluido el seminario de Alfabetizaci\u00f3n Inicial<\/span><\/span><\/p>\n<p style=\"text-align: left;\"><span style=\"font-family: arial,helvetica,sans-serif;\"><span style=\"font-size: 8pt;\"><strong>Regularizadas:<\/strong> las otras dos Did\u00e1cticas espec\u00edficas de 3\u00b0 a\u00f1o<\/span><\/span><\/p>\n<\/td>\n<td>\n<p style=\"text-align: left;\"><span style=\"font-family: arial,helvetica,sans-serif;\"><span style=\"font-size: 8pt;\">Pr\u00e1ctica Docente IV y Residencia: Recrear las Pr\u00e1cticas Docentes<\/span><\/span><\/p>\n<\/td>\n<\/tr>\n<\/tbody>\n<\/table>\n<ul>\n<li><span style=\"font-family: arial,helvetica,sans-serif;\"><span style=\"font-size: 8pt;\">\u00a0<\/span><\/span><span style=\"font-family: arial,helvetica,sans-serif;\"><span style=\"font-size: 8pt;\">\u00a0<span style=\"font-family: arial,helvetica,sans-serif;\"><span style=\"font-size: 8pt;\"><strong><span style=\"color: #3366ff;\">Profesorado de Educaci\u00f3n Secundaria en Biolog\u00eda<\/span><\/strong><\/span><\/span><\/span><\/span><\/li>\n<\/ul>\n<div>\n<table border=\"1\" cellspacing=\"0\" cellpadding=\"0\">\n<tbody>\n<tr>\n<td valign=\"top\" width=\"288\">\n<p style=\"text-align: center;\"><span style=\"font-family: arial, helvetica, sans-serif; font-size: 8pt;\"><strong>UNIDAD CURRICULAR<\/strong><\/span><\/p>\n<\/td>\n<td valign=\"top\" width=\"288\">\n<p style=\"text-align: center;\"><span style=\"font-family: arial, helvetica, sans-serif; font-size: 8pt;\"><strong>UNIDAD CURRICULAR CORRELATIVA<\/strong><\/span><\/p>\n<\/td>\n<\/tr>\n<tr>\n<td valign=\"top\" width=\"288\"><span style=\"font-family: arial, helvetica, sans-serif; font-size: 8pt;\"><strong>Regularizada<\/strong>: Pedagog\u00eda.<\/span><\/td>\n<td valign=\"top\" width=\"288\"><span style=\"font-family: arial, helvetica, sans-serif; font-size: 8pt;\">Did\u00e1ctica General.<\/span><\/td>\n<\/tr>\n<tr>\n<td valign=\"top\" width=\"288\"><span style=\"font-family: arial, helvetica, sans-serif; font-size: 8pt;\"><strong>Regularizada<\/strong>:<\/span><\/p>\n<p><span style=\"font-family: arial, helvetica, sans-serif; font-size: 8pt;\">Qu\u00edmica General y Org\u00e1nica.<\/span><\/td>\n<td valign=\"top\" width=\"288\"><span style=\"font-family: arial, helvetica, sans-serif; font-size: 8pt;\">\u00a0<\/span><\/p>\n<p><span style=\"font-family: arial, helvetica, sans-serif; font-size: 8pt;\">Qu\u00edmica Biol\u00f3gica.<\/span><\/td>\n<\/tr>\n<tr>\n<td valign=\"top\" width=\"288\"><span style=\"font-family: arial, helvetica, sans-serif; font-size: 8pt;\"><strong>Regularizadas<\/strong>:<\/span><\/p>\n<p><span style=\"font-family: arial, helvetica, sans-serif; font-size: 8pt;\">Biolog\u00eda General; Biolog\u00eda Celular y Molecular.<\/span><\/td>\n<td valign=\"top\" width=\"288\"><span style=\"font-family: arial, helvetica, sans-serif; font-size: 8pt;\">\u00a0<\/span><\/p>\n<p><span style=\"font-family: arial, helvetica, sans-serif; font-size: 8pt;\">Biolog\u00eda Animal I.<\/span><\/p>\n<p><span style=\"font-family: arial, helvetica, sans-serif; font-size: 8pt;\">Biolog\u00eda de las Plantas I.<\/span><\/td>\n<\/tr>\n<tr>\n<td valign=\"top\" width=\"288\"><span style=\"font-family: arial, helvetica, sans-serif; font-size: 8pt;\"><strong>Regularizadas<\/strong>:<\/span><\/p>\n<p><span style=\"font-family: arial, helvetica, sans-serif; font-size: 8pt;\">Biolog\u00eda General; Biolog\u00eda Celular y Molecular; Qu\u00edmica General y Org\u00e1nica.<\/span><\/td>\n<td valign=\"top\" width=\"288\"><span style=\"font-family: arial, helvetica, sans-serif; font-size: 8pt;\">\u00a0<\/span><\/p>\n<p><span style=\"font-family: arial, helvetica, sans-serif; font-size: 8pt;\">Biolog\u00eda de los Microorganismos y Hongos.<\/span><\/td>\n<\/tr>\n<tr>\n<td valign=\"top\" width=\"288\"><span style=\"font-family: arial, helvetica, sans-serif; font-size: 8pt;\"><strong>Aprobadas<\/strong>:<\/span><\/p>\n<p><span style=\"font-family: arial, helvetica, sans-serif; font-size: 8pt;\">Pr\u00e1ctica Docente I; Problem\u00e1ticas Socioantropol\u00f3gicas en Educaci\u00f3n.<\/span><\/td>\n<td valign=\"top\" width=\"288\"><span style=\"font-family: arial, helvetica, sans-serif; font-size: 8pt;\">\u00a0<\/span><\/p>\n<p><span style=\"font-family: arial, helvetica, sans-serif; font-size: 8pt;\">Pr\u00e1ctica Docente II.<\/span><\/td>\n<\/tr>\n<tr>\n<td valign=\"top\" width=\"288\"><span style=\"font-family: arial, helvetica, sans-serif; font-size: 8pt;\"><strong>Regularizada<\/strong>: Did\u00e1ctica de las Ciencias Naturales.<\/span><\/td>\n<td valign=\"top\" width=\"288\"><span style=\"font-family: arial, helvetica, sans-serif; font-size: 8pt;\">Did\u00e1ctica de las Ciencias Naturales: Biolog\u00eda.<\/span><\/td>\n<\/tr>\n<tr>\n<td valign=\"top\" width=\"288\"><span style=\"font-family: arial, helvetica, sans-serif; font-size: 8pt;\"><strong>Regularizada<\/strong>: Biolog\u00eda Animal I.<\/span><\/td>\n<td valign=\"top\" width=\"288\"><span style=\"font-family: arial, helvetica, sans-serif; font-size: 8pt;\">Biolog\u00eda Animal II.<\/span><\/td>\n<\/tr>\n<tr>\n<td valign=\"top\" width=\"288\"><span style=\"font-family: arial, helvetica, sans-serif; font-size: 8pt;\"><strong>Regularizada<\/strong>: Biolog\u00eda de las Plantas I.<\/span><\/td>\n<td valign=\"top\" width=\"288\"><span style=\"font-family: arial, helvetica, sans-serif; font-size: 8pt;\">Biolog\u00eda de las Plantas II.<\/span><\/td>\n<\/tr>\n<tr>\n<td valign=\"top\" width=\"288\"><span style=\"font-family: arial, helvetica, sans-serif; font-size: 8pt;\"><strong>Regularizada<\/strong>: Qu\u00edmica Biol\u00f3gica.<\/span><\/td>\n<td valign=\"top\" width=\"288\"><span style=\"font-family: arial, helvetica, sans-serif; font-size: 8pt;\">Biolog\u00eda Humana.<\/span><\/td>\n<\/tr>\n<tr>\n<td valign=\"top\" width=\"288\"><span style=\"font-family: arial, helvetica, sans-serif; font-size: 8pt;\"><strong>Aprobadas<\/strong>: Pr\u00e1ctica Docente II.<\/span><\/p>\n<p><span style=\"font-family: arial, helvetica, sans-serif; font-size: 8pt;\"><strong>Regularizadas<\/strong>: Biolog\u00eda Animal I; Biolog\u00eda de las Plantas I; Biolog\u00eda de los Microorganismos y Hongos.<\/span><\/td>\n<td valign=\"top\" width=\"288\"><span style=\"font-family: arial, helvetica, sans-serif; font-size: 8pt;\">\u00a0<\/span><\/p>\n<p><span style=\"font-family: arial, helvetica, sans-serif; font-size: 8pt;\">Pr\u00e1ctica Docente III.<\/span><\/td>\n<\/tr>\n<tr>\n<td valign=\"top\" width=\"288\"><span style=\"font-family: arial, helvetica, sans-serif; font-size: 8pt;\"><strong>Regularizada<\/strong>: Filosof\u00eda de las Ciencias.<\/span><\/td>\n<td valign=\"top\" width=\"288\"><span style=\"font-family: arial, helvetica, sans-serif; font-size: 8pt;\">Historia y Epistemolog\u00eda de la Biolog\u00eda.<\/span><\/td>\n<\/tr>\n<tr>\n<td valign=\"top\" width=\"288\"><span style=\"font-family: arial, helvetica, sans-serif; font-size: 8pt;\"><strong>Regularizada<\/strong>: Ecolog\u00eda.<\/span><\/td>\n<td valign=\"top\" width=\"288\"><span style=\"font-family: arial, helvetica, sans-serif; font-size: 8pt;\">Educaci\u00f3n Ambiental.<\/span><\/td>\n<\/tr>\n<tr>\n<td valign=\"top\" width=\"288\"><span style=\"font-family: arial, helvetica, sans-serif; font-size: 8pt;\"><strong>Regularizada<\/strong>: Biolog\u00eda de los Microorganismos y Hongos.<\/span><\/td>\n<td valign=\"top\" width=\"288\"><span style=\"font-family: arial, helvetica, sans-serif; font-size: 8pt;\">Gen\u00e9tica y Biotecnolog\u00eda.<\/span><\/td>\n<\/tr>\n<tr>\n<td valign=\"top\" width=\"288\"><span style=\"font-family: arial, helvetica, sans-serif; font-size: 8pt;\"><strong>Regularizada<\/strong>: Biolog\u00eda Humana; Ecolog\u00eda.<\/span><\/td>\n<td valign=\"top\" width=\"288\"><span style=\"font-family: arial, helvetica, sans-serif; font-size: 8pt;\">Biolog\u00eda Humana y Salud.<\/span><\/td>\n<\/tr>\n<tr>\n<td valign=\"top\" width=\"288\"><span style=\"font-family: arial, helvetica, sans-serif; font-size: 8pt;\"><strong>Aprobadas<\/strong>: Pr\u00e1ctica Docente III; Taller Experimental en Biolog\u00eda.<\/span><\/p>\n<p><span style=\"font-family: arial, helvetica, sans-serif; font-size: 8pt;\"><strong>Regularizadas<\/strong>: Did\u00e1ctica de las Ciencias Naturales; Biolog\u00eda Animal II; Biolog\u00eda de las Plantas II; Ecolog\u00eda; Biolog\u00eda Humana.<\/span><\/td>\n<td valign=\"top\" width=\"288\"><span style=\"font-family: arial, helvetica, sans-serif; font-size: 8pt;\">\u00a0<\/span><\/p>\n<p><span style=\"font-family: arial, helvetica, sans-serif; font-size: 8pt;\">Pr\u00e1ctica Docente IV y Residencia.<\/span><\/p>\n<p><span style=\"font-family: arial, helvetica, sans-serif; font-size: 8pt;\">\u00a0<\/span><\/td>\n<\/tr>\n<\/tbody>\n<\/table>\n<\/div>\n<p style=\"text-align: center;\">\n<\/div>\n","protected":false},"excerpt":{"rendered":"<p>CORRELATIVIDADES Profesorado de Educaci\u00f3n Inicial UNIDAD CURRICULAR\u00a0\u00a0\u00a0\u00a0\u00a0\u00a0\u00a0\u00a0\u00a0\u00a0\u00a0\u00a0\u00a0\u00a0\u00a0 UNIDAD CURRICULAR CORRELATIVA Regularizas: Pedagog\u00eda y Psicolog\u00eda y Educaci\u00f3n Did\u00e1ctica General Regularizada: Pedagog\u00eda Historia y Pol\u00edtica de la Educaci\u00f3n Argentina Regularizada: Psicolog\u00eda y Educaci\u00f3n Sujetos de la Educaci\u00f3n\u00a0 y Convivencia Escolar Regularizada: Desarrollo del Pensamiento Matem\u00e1tico Matem\u00e1tica y su Did\u00e1ctica Regularizada: Oralidad, Lectura y Escritura Lengua y su &#8230; <a title=\"Informaci\u00f3n para estudiantes\" class=\"read-more\" href=\"https:\/\/enscdbustos-cba.infd.edu.ar\/sitio\/informacion-para-estudiantes\/\" aria-label=\"More on Informaci\u00f3n para estudiantes\">[+]<\/a><\/p>\n","protected":false},"author":11,"featured_media":0,"parent":0,"menu_order":0,"comment_status":"closed","ping_status":"closed","template":"","meta":[],"acf":[],"_links":{"self":[{"href":"https:\/\/enscdbustos-cba.infd.edu.ar\/sitio\/wp-json\/wp\/v2\/pages\/900"}],"collection":[{"href":"https:\/\/enscdbustos-cba.infd.edu.ar\/sitio\/wp-json\/wp\/v2\/pages"}],"about":[{"href":"https:\/\/enscdbustos-cba.infd.edu.ar\/sitio\/wp-json\/wp\/v2\/types\/page"}],"author":[{"embeddable":true,"href":"https:\/\/enscdbustos-cba.infd.edu.ar\/sitio\/wp-json\/wp\/v2\/users\/11"}],"replies":[{"embeddable":true,"href":"https:\/\/enscdbustos-cba.infd.edu.ar\/sitio\/wp-json\/wp\/v2\/comments?post=900"}],"version-history":[{"count":3,"href":"https:\/\/enscdbustos-cba.infd.edu.ar\/sitio\/wp-json\/wp\/v2\/pages\/900\/revisions"}],"predecessor-version":[{"id":1589,"href":"https:\/\/enscdbustos-cba.infd.edu.ar\/sitio\/wp-json\/wp\/v2\/pages\/900\/revisions\/1589"}],"wp:attachment":[{"href":"https:\/\/enscdbustos-cba.infd.edu.ar\/sitio\/wp-json\/wp\/v2\/media?parent=900"}],"curies":[{"name":"wp","href":"https:\/\/api.w.org\/{rel}","templated":true}]}}